q. Let k be t(w). Calculate the greatest common factor of k and 108.
12
Let b(n) = 2*n**2 + 6*n - 6. Let k be b(-2). Let g be (-48)/(-2) - (k + -2)/3. Calculate the greatest common divisor of g and 252.
28
Suppose 4 = 2*a, -2*g - 3*a + 1698 = -a. Let d = -839 + g. Calculate the greatest common divisor of 344 and d.
8
Let f(z) = 6*z**2 + z + 11. Let r be f(-5). Let u be (((-8)/(-4))/(-2) - (2 + 2)) + 65. What is the greatest common divisor of r and u?
12
Let j(v) = 5*v + 164. Let c(u) = -4*u - 163. Let h(r) = -5*c(r) - 6*j(r). Let a be h(-17). What is the highest common divisor of 9 and a?
1
Let c = 3698 + -3598. What is the greatest common divisor of 160 and c?
20
Let p(y) = 83*y**2 + 2*y - 1. Let t be p(1). Let m be 3/(-2) - 7263/(-538). What is the greatest common factor of t and m?
12
Let n(d) = 2*d**2 - d. Let j be n(-3). Let x = 54 - 53. Let v(a) = 23*a**2 - 6*a + 4. Let q be v(x). Calculate the greatest common divisor of j and q.
21
Let i = -55462 + 55516. Suppose 5*v - 14 - 16 = 0. Calculate the greatest common factor of v and i.
6
Suppose -6*n + 130 = -68. Let h(r) = -n*r + 59*r - 29 - r**3 - 13*r**2 - 29*r. Let v be h(-13). What is the greatest common factor of 90 and v?
10
Suppose -4*l + 2745 = 5*t, 3*l - 2*l + 3*t = 695. Calculate the greatest common divisor of l and 595.
85
Suppose -316 = -2*l + 4*q, 3*l + 5*q - 730 = -2*l. Let n = 73 + -61. What is the highest common divisor of n and l?
6
Suppose 0 = 5*f - 5*j - 265, 0 = -3*f + 5*f - 4*j - 116. Suppose 4*q - 240 = -f. Let h be (-1*2)/((-63)/504). Calculate the highest common factor of h and q.
16
Let b = -29 + 45. Suppose -b = -2*z + 5*f, z + 2*f - 17 = 9. Let v be 48*3*4/z. Calculate the greatest common factor of 8 and v.
8
Let j = -98 + 183. Let t(k) = -2*k**2 - 7*k + 10. Let a(o) = -o**2 - o. Let q(m) = a(m) - t(m). Let p be q(-9). Calculate the greatest common factor of j and p.
17
Let q(w) = w**3 + 33*w**2 + 28*w - 62. Suppose 14*b + 321 = -127. Let r be q(b). What is the highest common factor of 6 and r?
6
Suppose 43*x - 8544328 = 2*x - 63*x. Calculate the highest common factor of x and 29.
29
Let w = -159 + 90. Let j = 117 + w. Let s be (-26 - 4403/(-170)) + 482/20. Calculate the highest common factor of s and j.
24
Suppose -m = -3*m + 12. Let q(r) = r**3 + 74*r**2 - 331*r - 1473. Let y be q(-78). What is the highest common factor of m and y?
3
Let j(m) = -2*m**2 + 2*m**2 + 3*m**2 - 35*m - 3*m**2 - 9 + 3*m**2. Let p be j(12). What is the highest common divisor of p and 201?
3
Let a(f) = f**2 + 9*f + 589. Let k be a(-30). What is the highest common divisor of k and 23?
23
Let t be (-978)/4*(-8)/(-60)*-20. Let w = t + -444. Calculate the highest common divisor of w and 364.
52
Let y be ((-600)/80)/((-5)/292). What is the greatest common divisor of y and 18?
6
Suppose -257*b + 212674 = 17*b - 133936. Let d = 127 + -72. Calculate the greatest common divisor of d and b.
55
Suppose -s = i - 1400, -4*i = -2*s - 0*i + 2800. Let u be 165/22*24/10. Suppose -s = 11*t - u*t. Calculate the highest common factor of 25 and t.
25
Suppose 0 = -6860*a + 6889*a - 51678. Calculate the greatest common factor of a and 270.
54
Let u(v) = 19*v - 111. Let p be u(6). Suppose -4*g = -p*r + 40, 3*r + 3*g = -r + 70. What is the highest common factor of 1 and r?
1
Suppose 2*o + 988 = 5*x, -x - 3*o + 31 = -170. Calculate the highest common factor of x and 462.
66
Suppose 0 = -19*s - 235 + 900. Let o = 265 - s. What is the greatest common divisor of 10 and o?
10
Let c(x) = -34*x - 91. Let z be c(-3). Let t be 1/3 - (-112)/24. Suppose -10*b + 220 = -t*b. Calculate the greatest common factor of z and b.
11
Suppose 4*v = -8*x + 5*x + 14311, 2*x - 2*v - 9508 = 0. What is the highest common divisor of 18 and x?
9
Suppose r - 13 = 5*k, 2*k - 4 = 4*k. Suppose 28 + 29 = r*t. What is the greatest common factor of 323 and t?
19
Suppose -3*m - 2*f = -25, 5*m - 14 - 11 = 5*f. Let b = -19 - -40. What is the greatest common divisor of m and b?
7
Let f = 354428 + -354368. Let y = 78 + -54. What is the greatest common divisor of y and f?
12
Let m = -277 - -279. Let y(g) = -g**3 + 7*g**2 + g - 5. Let s be y(7). Suppose 2*t - t = -4, m*u - 40 = -s*t. Calculate the greatest common divisor of u and 6.
6
Let j = 2843 + -1646. Calculate the highest common factor of 147 and j.
21
Let m be 70/8 + 1/4. Let a(g) = 5*g**2 + 7*g + 6. Let q be a(-2). Let i be -5 + q - 3/3. What is the highest common factor of m and i?
3
Let q(i) = 87*i**2 - 207*i - 23. Let w be q(3). Calculate the highest common divisor of 13 and w.
1
Let r = 15119 - 15085. What is the greatest common divisor of 6749 and r?
17
Suppose -50*o + 52*o = 2*r + 54, 2*r = 5*o - 138. Calculate the highest common divisor of 441 and o.
7
Suppose -7*g - 279 = -265. Let k be (476/70 + -10)*5/g. Let s = 9 + -5. Calculate the greatest common factor of s and k.
4
Let d(g) = -g**3 + 8*g**2 + 13*g + 16. Suppose j - 63 = -8*j. Let o be d(j). What is the greatest common factor of o and 130?
26
Let n = 3 + 2. Suppose -7 = -2*m + 3*m - 2*s, 3*m + n*s - 34 = 0. Let a be (-2)/(2/(-25)) + -4. What is the greatest common divisor of m and a?
3
Let a = -1224 + 1232. Suppose -4*u = 8*q - 3*q - 1376, 0 = -3*u - q + 1032. Calculate the greatest common divisor of a and u.
8
Suppose 203*p = 208*p + 4*g - 4713, 2841 = 3*p - 2*g. Calculate the highest common factor of 441 and p.
63
Let f = -1216 - -1899. Let p = 695 - f. What is the highest common divisor of 708 and p?
12
Let m(t) = 27*t**2 + 11*t - 8. Suppose -l + 72 = 68. Let b be m(l). What is the greatest common factor of 104 and b?
52
Let l = -221 + 229. Let s be ((-33)/(-88))/(1/l). Suppose 78 = 4*r - 54. What is the greatest common divisor of r and s?
3
Suppose 1824 = -29*k + 86*k. Let b be 78/18 - (-3)/(-9). What is the highest common divisor of k and b?
4
Suppose 0 = 13*p + 21436 - 62139. What is the greatest common factor of p and 101?
101
Let r = 281 + 18. What is the highest common factor of 1426 and r?
23
Let q(d) = -3*d + 59. Let w be q(-8). Let j = w - 86. Let u be j - 91*(3/3 - 2). Calculate the greatest common factor of 11 and u.
11
Suppose -162 + 30 = -3*g + 3*k, 0 = -2*g - 4*k + 40. Calculate the highest common divisor of 8370 and g.
18
Let f(u) = -18*u**2 + 9. Let j be f(-2). Let r be -3*77/j + (-2)/3. Calculate the greatest common factor of 2 and r.
1
Let t(m) = 4*m + 86. Let u be (-2)/(2 - 1) + 686/(-49). Let j be t(u). Calculate the highest common divisor of j and 55.
11
Let i(x) = -x**3 + 16*x**2 + 5*x - 232. Let h be i(14). Let u(m) = m - 1. Let y be u(11). What is the highest common factor of y and h?
10
Let b be 1/2 + (-77)/(-2). Let w be ((-44)/22 - 125/(-9)) + 21/(162 - -27). What is the greatest common divisor of w and b?
3
Let c(i) = 60*i**2 - 660*i + 12. Let l be c(11). Calculate the greatest common factor of 18180 and l.
12
Let u(j) = 47*j - 247. Let z be u(9). Calculate the highest common divisor of 286 and z.
22
Suppose 4*c - 15*n = 255, n - 21 + 206 = 4*c. Let r be 0 + 2/(-2) - -32. Let q = r + -1. What is the greatest common divisor of q and c?
15
Let q be (1/(-2)*14)/(-1). Suppose 0 = q*u - 30 - 61. Let i be (-104)/(-6)*(198/(-24) + 9). What is the highest common factor of i and u?
13
Let o(q) = -q**3 - 31*q**2 - 34*q + 53. Let x be o(-30). Let i = -148 + x. What is the greatest common divisor of 200 and i?
25
Let p(i) = 2*i**3 - 4*i**2 - i - 7. Let f be p(6). Let h(n) = n**2 - 6*n - 1. Let k be h(8). Suppose k = w - 10. Calculate the highest common factor of w and f.
25
Let t = 131 - 287. Let s = t + 224. Let n be (-1)/(((-9)/3)/153). What is the highest common divisor of s and n?
17
Let l(w) = w + 19. Let y be l(-16). Suppose -5*h = -n - 68, 0*h = h + y*n - 20. Let c be 37/2*2 + -2. What is the greatest common factor of c and h?
7
Suppose -47*c - 253*c + 104832 = 64*c. Calculate the highest common factor of 45 and c.
9
Let u be 5*(4 + -3 - -1)*25. Let s = -627 - -637. What is the highest common divisor of u and s?
10
Suppose 0 = -41*k + 78 + 619. What is the highest common divisor of k and 765?
17
Let h be 4/((-36)/(-86617)) - (-77)/(-693). What is the greatest common divisor of h and 48?
24
Let d be (0 - (-30)/(-5)) + -135 + 3. Let x be 10/(-115) - 19608/d. Calculate the greatest common factor of 639 and 